{"id":55,"date":"2019-03-06T15:15:28","date_gmt":"2019-03-06T14:15:28","guid":{"rendered":"http:\/\/neuzrfg.xn--drenthe-90a.de\/?page_id=55"},"modified":"2024-03-03T21:00:16","modified_gmt":"2024-03-03T20:00:16","slug":"vorstand","status":"publish","type":"page","link":"https:\/\/neuzrfg.xn--drenthe-90a.de\/?page_id=55","title":{"rendered":"Vorstand"},"content":{"rendered":"\n<figure class=\"wp-block-image size-full\"><img fetchpriority=\"high\" decoding=\"async\" width=\"1024\" height=\"682\" src=\"https:\/\/neuzrfg.xn--drenthe-90a.de\/wp-content\/uploads\/2024\/03\/2023-Generalversammlung-004.jpg\" alt=\"\" class=\"wp-image-8106\" srcset=\"https:\/\/neuzrfg.xn--drenthe-90a.de\/wp-content\/uploads\/2024\/03\/2023-Generalversammlung-004.jpg 1024w, https:\/\/neuzrfg.xn--drenthe-90a.de\/wp-content\/uploads\/2024\/03\/2023-Generalversammlung-004-300x200.jpg 300w, https:\/\/neuzrfg.xn--drenthe-90a.de\/wp-content\/uploads\/2024\/03\/2023-Generalversammlung-004-768x512.jpg 768w\" sizes=\"(max-width: 1024px) 100vw, 1024px\" \/><figcaption class=\"wp-element-caption\">Fahrersprecher Stephan Langelage, Gesch\u00e4ftsf\u00fchrerin Ulla B\u00f6hner<\/figcaption><\/figure>\n\n\n\n<figure class=\"wp-block-table is-style-stripes\"><table><tbody><tr><td>Vorsitzender<\/td><td>Carsten Welp<\/td><\/tr><tr><td>Stellv. Vorsitzende <\/td><td>Julia H\u00fclsmann<\/td><\/tr><tr><td>Gesch\u00e4ftsf\u00fchrerin<\/td><td>Ulla B\u00f6hner<\/td><\/tr><tr><td>Schriftf\u00fchrerin<\/td><td>Linda Brockschmidt<\/td><\/tr><tr><td>1. Kassenwart<\/td><td>Stefan Gersmeier<\/td><\/tr><tr><td> 2. Kassenwartin <\/td><td>Lina Breulmann <\/td><\/tr><tr><td>1. Jugendwartin<\/td><td>Lisa Kamphus<\/td><\/tr><\/tbody><\/table><\/figure>\n\n\n\n<p>Verantwortlich f\u00fcr:<\/p>\n\n\n\n<figure class=\"wp-block-table is-style-stripes\"><table><tbody><tr><td>Fahren<\/td><td>Stephan Langelage<\/td><\/tr><tr><td>Reit- und Voltigierstunden<\/td><td>Christine Storkamp<\/td><\/tr><tr><td>Springen<\/td><td>Christine Storkamp<\/td><\/tr><tr><td>Dressur<\/td><td>Christine Storkamp<\/td><\/tr><\/tbody><\/table><\/figure>\n","protected":false},"excerpt":{"rendered":"<p>Vorsitzender Carsten Welp Stellv. Vorsitzende Julia H\u00fclsmann Gesch\u00e4ftsf\u00fchrerin Ulla B\u00f6hner Schriftf\u00fchrerin Linda Brockschmidt 1. Kassenwart Stefan Gersmeier 2. Kassenwartin Lina Breulmann 1. Jugendwartin Lisa Kamphus Verantwortlich f\u00fcr: Fahren Stephan Langelage Reit- und Voltigierstunden Christine Storkamp Springen Christine Storkamp Dressur Christine<\/p>\n","protected":false},"author":1,"featured_media":0,"parent":0,"menu_order":0,"comment_status":"closed","ping_status":"closed","template":"","meta":{"ngg_post_thumbnail":0,"_EventAllDay":false,"_EventTimezone":"","_EventStartDate":"","_EventEndDate":"","_EventStartDateUTC":"","_EventEndDateUTC":"","_EventShowMap":false,"_EventShowMapLink":false,"_EventURL":"","_EventCost":"","_EventCostDescription":"","_EventCurrencySymbol":"","_EventCurrencyCode":"","_EventCurrencyPosition":"","_EventDateTimeSeparator":"","_EventTimeRangeSeparator":"","_EventOrganizerID":[],"_EventVenueID":[],"_OrganizerEmail":"","_OrganizerPhone":"","_OrganizerWebsite":"","_VenueAddress":"","_VenueCity":"","_VenueCountry":"","_VenueProvince":"","_VenueState":"","_VenueZip":"","_VenuePhone":"","_VenueURL":"","_VenueStateProvince":"","_VenueLat":"","_VenueLng":"","_VenueShowMap":false,"_VenueShowMapLink":false,"footnotes":""},"class_list":["post-55","page","type-page","status-publish","hentry"],"_links":{"self":[{"href":"https:\/\/neuzrfg.xn--drenthe-90a.de\/index.php?rest_route=\/wp\/v2\/pages\/55","targetHints":{"allow":["GET"]}}],"collection":[{"href":"https:\/\/neuzrfg.xn--drenthe-90a.de\/index.php?rest_route=\/wp\/v2\/pages"}],"about":[{"href":"https:\/\/neuzrfg.xn--drenthe-90a.de\/index.php?rest_route=\/wp\/v2\/types\/page"}],"author":[{"embeddable":true,"href":"https:\/\/neuzrfg.xn--drenthe-90a.de\/index.php?rest_route=\/wp\/v2\/users\/1"}],"replies":[{"embeddable":true,"href":"https:\/\/neuzrfg.xn--drenthe-90a.de\/index.php?rest_route=%2Fwp%2Fv2%2Fcomments&post=55"}],"version-history":[{"count":3,"href":"https:\/\/neuzrfg.xn--drenthe-90a.de\/index.php?rest_route=\/wp\/v2\/pages\/55\/revisions"}],"predecessor-version":[{"id":8107,"href":"https:\/\/neuzrfg.xn--drenthe-90a.de\/index.php?rest_route=\/wp\/v2\/pages\/55\/revisions\/8107"}],"wp:attachment":[{"href":"https:\/\/neuzrfg.xn--drenthe-90a.de\/index.php?rest_route=%2Fwp%2Fv2%2Fmedia&parent=55"}],"curies":[{"name":"wp","href":"https:\/\/api.w.org\/{rel}","templated":true}]}}